{"id":1206,"date":"2020-12-30T00:54:05","date_gmt":"2020-12-29T23:54:05","guid":{"rendered":"https:\/\/dev.tessacooperescritora.com\/blog\/?page_id=1206"},"modified":"2025-12-22T16:13:10","modified_gmt":"2025-12-22T16:13:10","slug":"la-tercera-constelacion-a-la-izquierda-novela-romantica-novela-romantica-contemporanea-tessa-cooper","status":"publish","type":"page","link":"https:\/\/dev.tessacooperescritora.com\/blog\/la-tercera-constelacion-a-la-izquierda-novela-romantica-novela-romantica-contemporanea-tessa-cooper\/","title":{"rendered":"LA TERCERA CONSTELACI\u00d3N A LA IZQUIERDA"},"content":{"rendered":"\t\t<div data-elementor-type=\"wp-page\" data-elementor-id=\"1206\" class=\"elementor elementor-1206\">\n\t\t\t\t<div class=\"elementor-element elementor-element-28c92e04 e-flex e-con-boxed e-con e-parent\" data-id=\"28c92e04\" data-element_type=\"container\">\n\t\t\t\t\t<div class=\"e-con-inner\">\n\t\t\t\t<div class=\"elementor-element elementor-element-c95ee84 elementor-widget elementor-widget-image\" data-id=\"c95ee84\" data-element_type=\"widget\" data-widget_type=\"image.default\">\n\t\t\t\t<div class=\"elementor-widget-container\">\n\t\t\t\t\t\t\t\t\t\t\t\t\t\t\t\t<a href=\"https:\/\/amzn.eu\/d\/8WimI86\">\n\t\t\t\t\t\t\t<img fetchpriority=\"high\" decoding=\"async\" width=\"188\" height=\"300\" src=\"https:\/\/dev.tessacooperescritora.com\/blog\/wp-content\/uploads\/2025\/12\/Portada-ltcali-2025-kindle-188x300.jpg\" class=\"attachment-medium size-medium wp-image-2626\" alt=\"\" srcset=\"https:\/\/dev.tessacooperescritora.com\/blog\/wp-content\/uploads\/2025\/12\/Portada-ltcali-2025-kindle-188x300.jpg 188w, https:\/\/dev.tessacooperescritora.com\/blog\/wp-content\/uploads\/2025\/12\/Portada-ltcali-2025-kindle-640x1024.jpg 640w, https:\/\/dev.tessacooperescritora.com\/blog\/wp-content\/uploads\/2025\/12\/Portada-ltcali-2025-kindle-768x1229.jpg 768w, https:\/\/dev.tessacooperescritora.com\/blog\/wp-content\/uploads\/2025\/12\/Portada-ltcali-2025-kindle-960x1536.jpg 960w, https:\/\/dev.tessacooperescritora.com\/blog\/wp-content\/uploads\/2025\/12\/Portada-ltcali-2025-kindle-1280x2048.jpg 1280w, https:\/\/dev.tessacooperescritora.com\/blog\/wp-content\/uploads\/2025\/12\/Portada-ltcali-2025-kindle-1140x1824.jpg 1140w, https:\/\/dev.tessacooperescritora.com\/blog\/wp-content\/uploads\/2025\/12\/Portada-ltcali-2025-kindle.jpg 1600w\" sizes=\"(max-width: 188px) 100vw, 188px\" \/>\t\t\t\t\t\t\t\t<\/a>\n\t\t\t\t\t\t\t\t\t\t\t\t\t\t\t<\/div>\n\t\t\t\t<\/div>\n\t\t\t\t<div class=\"elementor-element elementor-element-8f07f20 elementor-widget elementor-widget-text-editor\" data-id=\"8f07f20\" data-element_type=\"widget\" data-widget_type=\"text-editor.default\">\n\t\t\t\t<div class=\"elementor-widget-container\">\n\t\t\t\t\t\t\t\t\t<p>Un viaje por Italia, secretos de familia, tratos que se tuercen<\/p>\n<p>y decisiones que lo cambian todo.\u00a0<\/p>\t\t\t\t\t\t\t\t<\/div>\n\t\t\t\t<\/div>\n\t\t\t\t<div class=\"elementor-element elementor-element-52d421c elementor-align-center elementor-widget elementor-widget-button\" data-id=\"52d421c\" data-element_type=\"widget\" data-widget_type=\"button.default\">\n\t\t\t\t<div class=\"elementor-widget-container\">\n\t\t\t\t\t\t\t\t\t<div class=\"elementor-button-wrapper\">\n\t\t\t\t\t<a class=\"elementor-button elementor-button-link elementor-size-sm\" href=\"https:\/\/amzn.eu\/d\/8WimI86\">\n\t\t\t\t\t\t<span class=\"elementor-button-content-wrapper\">\n\t\t\t\t\t\t\t\t\t<span class=\"elementor-button-text\">Lee en amazon<\/span>\n\t\t\t\t\t<\/span>\n\t\t\t\t\t<\/a>\n\t\t\t\t<\/div>\n\t\t\t\t\t\t\t\t<\/div>\n\t\t\t\t<\/div>\n\t\t\t\t<div class=\"elementor-element elementor-element-9dfd320 elementor-align-center elementor-widget elementor-widget-button\" data-id=\"9dfd320\" data-element_type=\"widget\" data-widget_type=\"button.default\">\n\t\t\t\t<div class=\"elementor-widget-container\">\n\t\t\t\t\t\t\t\t\t<div class=\"elementor-button-wrapper\">\n\t\t\t\t\t<a class=\"elementor-button elementor-button-link elementor-size-sm\" href=\"https:\/\/dev.tessacooperescritora.com\/blog\/wp-content\/uploads\/2021\/02\/La-tercera-constelacion-a-la-izquierda-Primeros-capitulos.pdf\">\n\t\t\t\t\t\t<span class=\"elementor-button-content-wrapper\">\n\t\t\t\t\t\t\t\t\t<span class=\"elementor-button-text\">Descarga las primeras p\u00e1ginas<\/span>\n\t\t\t\t\t<\/span>\n\t\t\t\t\t<\/a>\n\t\t\t\t<\/div>\n\t\t\t\t\t\t\t\t<\/div>\n\t\t\t\t<\/div>\n\t\t\t\t<div class=\"elementor-element elementor-element-b299b7f elementor-widget elementor-widget-text-editor\" data-id=\"b299b7f\" data-element_type=\"widget\" data-widget_type=\"text-editor.default\">\n\t\t\t\t<div class=\"elementor-widget-container\">\n\t\t\t\t\t\t\t\t\t<p>Rom\u00e1ntica contempor\u00e1nea de viaje \u00b7 Autoconclusiva&nbsp;<span style=\"letter-spacing: 0px;\">\u00b7 Feelgood<\/span><\/p>\n<p>Tropos: road trip, familia entrometida, pactos\/secretos, destino.<\/p>\t\t\t\t\t\t\t\t<\/div>\n\t\t\t\t<\/div>\n\t\t\t\t<div class=\"elementor-element elementor-element-1fb3029e elementor-widget elementor-widget-text-editor\" data-id=\"1fb3029e\" data-element_type=\"widget\" data-widget_type=\"text-editor.default\">\n\t\t\t\t<div class=\"elementor-widget-container\">\n\t\t\t\t\t\t\t\t\t<p class=\"has-text-color has-medium-font-size\" style=\"color: #ca9b52;\"><strong><sub>Sinopsis<\/sub><\/strong><\/p>\n<p><!-- \/wp:paragraph --><!-- wp:paragraph {\"style\":{\"typography\":{\"fontSize\":18}}} --><\/p>\n<p style=\"font-size: 18px;\">\u00a1Treinta d\u00edas con Aquiles! \u00bfEn serio? Adem\u00e1s, no se trataba solo de \u00e9l. En el viajecito, ideado por la nonna, tambi\u00e9n estaban incluidas mis hermanas, Tea y Zia; Mario, un amigo de toda la vida, y Rub\u00e9n, algo as\u00ed como el exnovio de Tea y el mejor amigo de Aquiles.<br \/>El circo estaba servido.<br \/>\u00bfExageraba? En absoluto.<br \/>Yo era color, vida, sonrisas de esas que te estallan en la boca y provocan sonidos que contagian. \u00c9l era unos y ceros, blanco o negro, poco m\u00e1s. Pero juntos\u2026 \u00a1Juntos \u00e9ramos la leche! La suma de dos polos opuestos. El acoplamiento perfecto. Hasta que lleg\u00f3 el desastre. Una ca\u00edda al vac\u00edo que nos convirti\u00f3 en seres grises. En ese tipo de personas incapaces de ver la realidad.<br \/>Pero deb\u00eda cumplir el \u00faltimo deseo de la nonna: Recorrer Italia los seis juntos para esparcir sus cenizas, con un enorme elefante rosa entre nosotros y muchos m\u00e1s secretos de los que cab\u00eda esperar.<br \/>Por cierto, soy Hebe, y esta es nuestra historia.<\/p>\n<p><!-- \/wp:paragraph --><!-- wp:spacer {\"height\":47} --><\/p>\n<p style=\"font-size: 18px;\">\u00a0<\/p>\n<p><!-- \/wp:paragraph --><\/p>\t\t\t\t\t\t\t\t<\/div>\n\t\t\t\t<\/div>\n\t\t\t\t<div class=\"elementor-element elementor-element-7467d82 elementor-align-center elementor-widget elementor-widget-button\" data-id=\"7467d82\" data-element_type=\"widget\" data-widget_type=\"button.default\">\n\t\t\t\t<div class=\"elementor-widget-container\">\n\t\t\t\t\t\t\t\t\t<div class=\"elementor-button-wrapper\">\n\t\t\t\t\t<a class=\"elementor-button elementor-button-link elementor-size-sm\" href=\"https:\/\/amzn.eu\/d\/8WimI86\">\n\t\t\t\t\t\t<span class=\"elementor-button-content-wrapper\">\n\t\t\t\t\t\t\t\t\t<span class=\"elementor-button-text\">Lee en Amazon<\/span>\n\t\t\t\t\t<\/span>\n\t\t\t\t\t<\/a>\n\t\t\t\t<\/div>\n\t\t\t\t\t\t\t\t<\/div>\n\t\t\t\t<\/div>\n\t\t\t\t\t<\/div>\n\t\t\t\t<\/div>\n\t\t<div class=\"elementor-element elementor-element-93a5111 e-flex e-con-boxed e-con e-parent\" data-id=\"93a5111\" data-element_type=\"container\">\n\t\t\t\t\t<div class=\"e-con-inner\">\n\t\t\t\t<div class=\"elementor-element elementor-element-80700c3 elementor-align-center elementor-widget elementor-widget-button\" data-id=\"80700c3\" data-element_type=\"widget\" data-widget_type=\"button.default\">\n\t\t\t\t<div class=\"elementor-widget-container\">\n\t\t\t\t\t\t\t\t\t<div class=\"elementor-button-wrapper\">\n\t\t\t\t\t<a class=\"elementor-button elementor-button-link elementor-size-sm\" href=\"https:\/\/www.youtube.com\/watch?v=h6_3QxucCsY\">\n\t\t\t\t\t\t<span class=\"elementor-button-content-wrapper\">\n\t\t\t\t\t\t\t\t\t<span class=\"elementor-button-text\">Booktrailer<\/span>\n\t\t\t\t\t<\/span>\n\t\t\t\t\t<\/a>\n\t\t\t\t<\/div>\n\t\t\t\t\t\t\t\t<\/div>\n\t\t\t\t<\/div>\n\t\t\t\t\t<\/div>\n\t\t\t\t<\/div>\n\t\t\t\t<\/div>\n\t\t","protected":false},"excerpt":{"rendered":"<p>Un viaje por Italia, secretos de familia, tratos que se tuercen y decisiones que lo cambian todo.\u00a0 Lee en amazon Descarga las primeras p\u00e1ginas Rom\u00e1ntica contempor\u00e1nea de viaje \u00b7 Autoconclusiva&nbsp;\u00b7 Feelgood Tropos: road trip, familia entrometida, pactos\/secretos, destino. Sinopsis \u00a1Treinta d\u00edas con Aquiles! \u00bfEn serio? Adem\u00e1s, no se trataba solo de \u00e9l. En el viajecito, ideado por la nonna, tambi\u00e9n estaban incluidas mis hermanas, Tea y Zia; Mario, un amigo de toda la vida, y Rub\u00e9n, algo as\u00ed como el exnovio de Tea y el mejor amigo de Aquiles.El circo estaba servido.\u00bfExageraba? En absoluto.Yo era color, vida, sonrisas de esas que te estallan en la boca y provocan sonidos que contagian. \u00c9l era unos y ceros, blanco o negro, poco m\u00e1s. Pero juntos\u2026 \u00a1Juntos \u00e9ramos la leche! La suma de dos polos opuestos. El acoplamiento perfecto. Hasta que lleg\u00f3 el desastre. Una ca\u00edda al vac\u00edo que nos convirti\u00f3 en seres grises. En ese tipo de personas incapaces de ver la realidad.Pero deb\u00eda cumplir el \u00faltimo deseo de la nonna: Recorrer Italia los seis juntos para esparcir sus cenizas, con un enorme elefante rosa entre nosotros y muchos m\u00e1s secretos de los que cab\u00eda esperar.Por cierto, soy Hebe, y esta es nuestra historia. \u00a0 Lee en Amazon Booktrailer<\/p>\n","protected":false},"author":1,"featured_media":1266,"parent":0,"menu_order":0,"comment_status":"closed","ping_status":"closed","template":"","meta":{"footnotes":""},"class_list":["post-1206","page","type-page","status-publish","has-post-thumbnail","hentry"],"yoast_head":"<!-- This site is optimized with the Yoast SEO plugin v26.4 - https:\/\/yoast.com\/wordpress\/plugins\/seo\/ -->\n<title>LA TERCERA CONSTELACI\u00d3N A LA IZQUIERDA - Tessa Cooper Escritora Novela rom\u00e1ntica<\/title>\n<meta name=\"description\" content=\"Descubre Italia con los ojos de Hebe, la protagonista de La tercera constelaci\u00f3n a la izquierda, la \u00faltima novela rom\u00e1ntica de Tessa Cooper.\" \/>\n<meta name=\"robots\" content=\"index, follow, max-snippet:-1, max-image-preview:large, max-video-preview:-1\" \/>\n<link rel=\"canonical\" href=\"https:\/\/dev.tessacooperescritora.com\/blog\/la-tercera-constelacion-a-la-izquierda-novela-romantica-novela-romantica-contemporanea-tessa-cooper\/\" \/>\n<meta property=\"og:locale\" content=\"es_ES\" \/>\n<meta property=\"og:type\" content=\"article\" \/>\n<meta property=\"og:title\" content=\"LA TERCERA CONSTELACI\u00d3N A LA IZQUIERDA - Tessa Cooper Escritora Novela rom\u00e1ntica\" \/>\n<meta property=\"og:description\" content=\"Descubre Italia con los ojos de Hebe, la protagonista de La tercera constelaci\u00f3n a la izquierda, la \u00faltima novela rom\u00e1ntica de Tessa Cooper.\" \/>\n<meta property=\"og:url\" content=\"https:\/\/dev.tessacooperescritora.com\/blog\/la-tercera-constelacion-a-la-izquierda-novela-romantica-novela-romantica-contemporanea-tessa-cooper\/\" \/>\n<meta property=\"og:site_name\" content=\"Tessa Cooper Escritora\" \/>\n<meta property=\"article:modified_time\" content=\"2025-12-22T16:13:10+00:00\" \/>\n<meta property=\"og:image\" content=\"https:\/\/dev.tessacooperescritora.com\/blog\/wp-content\/uploads\/2020\/12\/portada-facebook.jpg\" \/>\n\t<meta property=\"og:image:width\" content=\"851\" \/>\n\t<meta property=\"og:image:height\" content=\"315\" \/>\n\t<meta property=\"og:image:type\" content=\"image\/jpeg\" \/>\n<meta name=\"twitter:card\" content=\"summary_large_image\" \/>\n<meta name=\"twitter:label1\" content=\"Tiempo de lectura\" \/>\n\t<meta name=\"twitter:data1\" content=\"2 minutos\" \/>\n<script type=\"application\/ld+json\" class=\"yoast-schema-graph\">{\"@context\":\"https:\/\/schema.org\",\"@graph\":[{\"@type\":\"WebPage\",\"@id\":\"https:\/\/dev.tessacooperescritora.com\/blog\/la-tercera-constelacion-a-la-izquierda-novela-romantica-novela-romantica-contemporanea-tessa-cooper\/\",\"url\":\"https:\/\/dev.tessacooperescritora.com\/blog\/la-tercera-constelacion-a-la-izquierda-novela-romantica-novela-romantica-contemporanea-tessa-cooper\/\",\"name\":\"LA TERCERA CONSTELACI\u00d3N A LA IZQUIERDA - Tessa Cooper Escritora Novela rom\u00e1ntica\",\"isPartOf\":{\"@id\":\"https:\/\/dev.tessacooperescritora.com\/blog\/#website\"},\"primaryImageOfPage\":{\"@id\":\"https:\/\/dev.tessacooperescritora.com\/blog\/la-tercera-constelacion-a-la-izquierda-novela-romantica-novela-romantica-contemporanea-tessa-cooper\/#primaryimage\"},\"image\":{\"@id\":\"https:\/\/dev.tessacooperescritora.com\/blog\/la-tercera-constelacion-a-la-izquierda-novela-romantica-novela-romantica-contemporanea-tessa-cooper\/#primaryimage\"},\"thumbnailUrl\":\"https:\/\/dev.tessacooperescritora.com\/blog\/wp-content\/uploads\/2020\/12\/portada-facebook.jpg\",\"datePublished\":\"2020-12-29T23:54:05+00:00\",\"dateModified\":\"2025-12-22T16:13:10+00:00\",\"description\":\"Descubre Italia con los ojos de Hebe, la protagonista de La tercera constelaci\u00f3n a la izquierda, la \u00faltima novela rom\u00e1ntica de Tessa Cooper.\",\"breadcrumb\":{\"@id\":\"https:\/\/dev.tessacooperescritora.com\/blog\/la-tercera-constelacion-a-la-izquierda-novela-romantica-novela-romantica-contemporanea-tessa-cooper\/#breadcrumb\"},\"inLanguage\":\"es\",\"potentialAction\":[{\"@type\":\"ReadAction\",\"target\":[\"https:\/\/dev.tessacooperescritora.com\/blog\/la-tercera-constelacion-a-la-izquierda-novela-romantica-novela-romantica-contemporanea-tessa-cooper\/\"]}]},{\"@type\":\"ImageObject\",\"inLanguage\":\"es\",\"@id\":\"https:\/\/dev.tessacooperescritora.com\/blog\/la-tercera-constelacion-a-la-izquierda-novela-romantica-novela-romantica-contemporanea-tessa-cooper\/#primaryimage\",\"url\":\"https:\/\/dev.tessacooperescritora.com\/blog\/wp-content\/uploads\/2020\/12\/portada-facebook.jpg\",\"contentUrl\":\"https:\/\/dev.tessacooperescritora.com\/blog\/wp-content\/uploads\/2020\/12\/portada-facebook.jpg\",\"width\":851,\"height\":315},{\"@type\":\"BreadcrumbList\",\"@id\":\"https:\/\/dev.tessacooperescritora.com\/blog\/la-tercera-constelacion-a-la-izquierda-novela-romantica-novela-romantica-contemporanea-tessa-cooper\/#breadcrumb\",\"itemListElement\":[{\"@type\":\"ListItem\",\"position\":1,\"name\":\"Portada\",\"item\":\"https:\/\/dev.tessacooperescritora.com\/blog\/\"},{\"@type\":\"ListItem\",\"position\":2,\"name\":\"LA TERCERA CONSTELACI\u00d3N A LA IZQUIERDA\"}]},{\"@type\":\"WebSite\",\"@id\":\"https:\/\/dev.tessacooperescritora.com\/blog\/#website\",\"url\":\"https:\/\/dev.tessacooperescritora.com\/blog\/\",\"name\":\"Tessa Cooper Escritora\",\"description\":\"\",\"potentialAction\":[{\"@type\":\"SearchAction\",\"target\":{\"@type\":\"EntryPoint\",\"urlTemplate\":\"https:\/\/dev.tessacooperescritora.com\/blog\/?s={search_term_string}\"},\"query-input\":{\"@type\":\"PropertyValueSpecification\",\"valueRequired\":true,\"valueName\":\"search_term_string\"}}],\"inLanguage\":\"es\"}]}<\/script>\n<!-- \/ Yoast SEO plugin. -->","yoast_head_json":{"title":"LA TERCERA CONSTELACI\u00d3N A LA IZQUIERDA - Tessa Cooper Escritora Novela rom\u00e1ntica","description":"Descubre Italia con los ojos de Hebe, la protagonista de La tercera constelaci\u00f3n a la izquierda, la \u00faltima novela rom\u00e1ntica de Tessa Cooper.","robots":{"index":"index","follow":"follow","max-snippet":"max-snippet:-1","max-image-preview":"max-image-preview:large","max-video-preview":"max-video-preview:-1"},"canonical":"https:\/\/dev.tessacooperescritora.com\/blog\/la-tercera-constelacion-a-la-izquierda-novela-romantica-novela-romantica-contemporanea-tessa-cooper\/","og_locale":"es_ES","og_type":"article","og_title":"LA TERCERA CONSTELACI\u00d3N A LA IZQUIERDA - Tessa Cooper Escritora Novela rom\u00e1ntica","og_description":"Descubre Italia con los ojos de Hebe, la protagonista de La tercera constelaci\u00f3n a la izquierda, la \u00faltima novela rom\u00e1ntica de Tessa Cooper.","og_url":"https:\/\/dev.tessacooperescritora.com\/blog\/la-tercera-constelacion-a-la-izquierda-novela-romantica-novela-romantica-contemporanea-tessa-cooper\/","og_site_name":"Tessa Cooper Escritora","article_modified_time":"2025-12-22T16:13:10+00:00","og_image":[{"width":851,"height":315,"url":"https:\/\/dev.tessacooperescritora.com\/blog\/wp-content\/uploads\/2020\/12\/portada-facebook.jpg","type":"image\/jpeg"}],"twitter_card":"summary_large_image","twitter_misc":{"Tiempo de lectura":"2 minutos"},"schema":{"@context":"https:\/\/schema.org","@graph":[{"@type":"WebPage","@id":"https:\/\/dev.tessacooperescritora.com\/blog\/la-tercera-constelacion-a-la-izquierda-novela-romantica-novela-romantica-contemporanea-tessa-cooper\/","url":"https:\/\/dev.tessacooperescritora.com\/blog\/la-tercera-constelacion-a-la-izquierda-novela-romantica-novela-romantica-contemporanea-tessa-cooper\/","name":"LA TERCERA CONSTELACI\u00d3N A LA IZQUIERDA - Tessa Cooper Escritora Novela rom\u00e1ntica","isPartOf":{"@id":"https:\/\/dev.tessacooperescritora.com\/blog\/#website"},"primaryImageOfPage":{"@id":"https:\/\/dev.tessacooperescritora.com\/blog\/la-tercera-constelacion-a-la-izquierda-novela-romantica-novela-romantica-contemporanea-tessa-cooper\/#primaryimage"},"image":{"@id":"https:\/\/dev.tessacooperescritora.com\/blog\/la-tercera-constelacion-a-la-izquierda-novela-romantica-novela-romantica-contemporanea-tessa-cooper\/#primaryimage"},"thumbnailUrl":"https:\/\/dev.tessacooperescritora.com\/blog\/wp-content\/uploads\/2020\/12\/portada-facebook.jpg","datePublished":"2020-12-29T23:54:05+00:00","dateModified":"2025-12-22T16:13:10+00:00","description":"Descubre Italia con los ojos de Hebe, la protagonista de La tercera constelaci\u00f3n a la izquierda, la \u00faltima novela rom\u00e1ntica de Tessa Cooper.","breadcrumb":{"@id":"https:\/\/dev.tessacooperescritora.com\/blog\/la-tercera-constelacion-a-la-izquierda-novela-romantica-novela-romantica-contemporanea-tessa-cooper\/#breadcrumb"},"inLanguage":"es","potentialAction":[{"@type":"ReadAction","target":["https:\/\/dev.tessacooperescritora.com\/blog\/la-tercera-constelacion-a-la-izquierda-novela-romantica-novela-romantica-contemporanea-tessa-cooper\/"]}]},{"@type":"ImageObject","inLanguage":"es","@id":"https:\/\/dev.tessacooperescritora.com\/blog\/la-tercera-constelacion-a-la-izquierda-novela-romantica-novela-romantica-contemporanea-tessa-cooper\/#primaryimage","url":"https:\/\/dev.tessacooperescritora.com\/blog\/wp-content\/uploads\/2020\/12\/portada-facebook.jpg","contentUrl":"https:\/\/dev.tessacooperescritora.com\/blog\/wp-content\/uploads\/2020\/12\/portada-facebook.jpg","width":851,"height":315},{"@type":"BreadcrumbList","@id":"https:\/\/dev.tessacooperescritora.com\/blog\/la-tercera-constelacion-a-la-izquierda-novela-romantica-novela-romantica-contemporanea-tessa-cooper\/#breadcrumb","itemListElement":[{"@type":"ListItem","position":1,"name":"Portada","item":"https:\/\/dev.tessacooperescritora.com\/blog\/"},{"@type":"ListItem","position":2,"name":"LA TERCERA CONSTELACI\u00d3N A LA IZQUIERDA"}]},{"@type":"WebSite","@id":"https:\/\/dev.tessacooperescritora.com\/blog\/#website","url":"https:\/\/dev.tessacooperescritora.com\/blog\/","name":"Tessa Cooper Escritora","description":"","potentialAction":[{"@type":"SearchAction","target":{"@type":"EntryPoint","urlTemplate":"https:\/\/dev.tessacooperescritora.com\/blog\/?s={search_term_string}"},"query-input":{"@type":"PropertyValueSpecification","valueRequired":true,"valueName":"search_term_string"}}],"inLanguage":"es"}]}},"acf":[],"_links":{"self":[{"href":"https:\/\/dev.tessacooperescritora.com\/blog\/wp-json\/wp\/v2\/pages\/1206","targetHints":{"allow":["GET"]}}],"collection":[{"href":"https:\/\/dev.tessacooperescritora.com\/blog\/wp-json\/wp\/v2\/pages"}],"about":[{"href":"https:\/\/dev.tessacooperescritora.com\/blog\/wp-json\/wp\/v2\/types\/page"}],"author":[{"embeddable":true,"href":"https:\/\/dev.tessacooperescritora.com\/blog\/wp-json\/wp\/v2\/users\/1"}],"replies":[{"embeddable":true,"href":"https:\/\/dev.tessacooperescritora.com\/blog\/wp-json\/wp\/v2\/comments?post=1206"}],"version-history":[{"count":12,"href":"https:\/\/dev.tessacooperescritora.com\/blog\/wp-json\/wp\/v2\/pages\/1206\/revisions"}],"predecessor-version":[{"id":2733,"href":"https:\/\/dev.tessacooperescritora.com\/blog\/wp-json\/wp\/v2\/pages\/1206\/revisions\/2733"}],"wp:featuredmedia":[{"embeddable":true,"href":"https:\/\/dev.tessacooperescritora.com\/blog\/wp-json\/wp\/v2\/media\/1266"}],"wp:attachment":[{"href":"https:\/\/dev.tessacooperescritora.com\/blog\/wp-json\/wp\/v2\/media?parent=1206"}],"curies":[{"name":"wp","href":"https:\/\/api.w.org\/{rel}","templated":true}]}}